 + 11. Let p be t(0). Let s(o) = -o**2 + 11*o. Give s(p).
0
Let c(w) = 0*w - w**3 - 1 + w - 1 + 4*w**2. Let f be (-98)/(-14) - (-1 + 3). Suppose -l + 3 = 4*v, l - f = -5*v - 2. What is c(l)?
10
Suppose 4*c - 3 = 13. Let d(l) be the first derivative of 214*l + 2*l**2 - 217*l - l**2 + 15. Calculate d(c).
5
Let d(p) = 30*p - 37. Let r(z) = 17*z - 20. Let c(k) = -4*d(k) + 7*r(k). Let o = -15 - -9. Let x be 4/(-10) + o/(-15). Determine c(x).
8
Suppose 92 = -5*u - 18*u. Suppose -5*m + 35 = -2*s, -2*m - 5*s + 12 = -2. Let l(f) = 0*f**2 - 4 + 0*f - 2*f**2 - m*f. Give l(u).
-8
Let n(r) = -r + 1. Let u = -63 + 59. Determine n(u).
5
Let c(t) = -4*t. Let z = 16 - -24. Let o(l) = -l**2 + l - 32. Let y be o(0). Let x be (-8)/z - y/10. Give c(x).
-12
Suppose 2*v - 5 = -u, -15 = v + v + 5*u. Suppose -5*r + x = 13 + 2, 9 = 4*r - v*x. Let c(q) be the first derivative of q**3/3 + 5*q**2/2 - 3*q + 20. Give c(r).
-7
Let r(l) = -l**3 - 2*l**2 + 3*l - 1. Let x be -10 - (-8 - -1)*1. Calculate r(x).
-1
Let b(g) = g**2 - 4*g + 1. Suppose -5*m + 12 = -3*n, m + 4*m - 2*n - 8 = 0. Suppose -4*k + 20 = 0, -3*w + m*w = -3*k. Calculate b(w).
6
Let n(a) = 14*a**2 - 115*a + 33. Let w be n(8). Let k(j) = j**3 - 7*j**2 - 21*j + 19. Calculate k(w).
-8
Suppose -v - 4*g = 5, -4*g = -3*v + 26 + 7. Let s be 4/3 + v/(-3). Let h(z) = -12*z + 1. What is h(s)?
13
Suppose -3*g - 5*n = -8*n - 30, 3*g + 3*n - 36 = 0. Let f(t) = t**3 - 10*t**2 - 11*t - 10. Give f(g).
-10
Let s(t) = -8*t + 4. Suppose 7 = -28*v - 77. Determine s(v).
28
Let p(u) be the second derivative of u**5/20 - u**4/4 - 5*u**3/6 - 3*u**2/2 + u + 158. Determine p(4).
-7
Let t(l) = -11*l + 12. Let b(o) = 19*o - 22. Let a(z) = -4*b(z) - 7*t(z). Give a(-3).
1
Let m(d) be the third derivative of -d**6/360 + 6*d**3 + 10*d**2. Let h(z) be the first derivative of m(z). What is h(0)?
0
Let o = 33 + -22. Let r be 53/o + (-6)/(-33). Let i(n) = -n + 5. Let h(y) = 1. Let s(p) = 4*h(p) - i(p). What is s(r)?
4
Let z(g) = -3*g**3 + 2*g**2 + 2*g - 2. Let u(b) = -8*b**3 + 6*b**2 + 6*b - 5. Let i(a) = -4*u(a) + 11*z(a). Let p(t) = -t - 11. Let x be p(-8). What is i(x)?
13
Let m(g) = g**3 + 4*g**2 + 7*g. Let v(s) = s**3 + 4*s**2 + 6*s + 1. Let b(k) = 3*k - 20. Let n be b(6). Let d(z) = n*m(z) + 3*v(z). Determine d(-2).
3
Let r be (0/(-3 + 2))/(-3). Let a(o) be the second derivative of -o**3/6 + o**2/2 - 264*o. Give a(r).
1
Let u(w) = -w**2 - 5*w + 6. Suppose 20 = 4*s + 44. Determine u(s).
0
Let l(h) = -h - 10. Let m(k) = 2*k + 22. Let b(x) = 9*l(x) + 4*m(x). Calculate b(-4).
2
Let b(u) = -3*u - 3 - 3 - 2 + 14*u. Suppose 5 = -5*r + 15. Let n(c) = -c + 1. Let y(t) = r*b(t) + 18*n(t). Calculate y(-3).
-10
Let p(n) be the first derivative of 3*n**2/2 - 26*n - 500. What is p(13)?
13
Let u(b) = -b**3 - 29*b**2 + 26*b - 124. Let f be u(-30). Let s(a) = a**3 + 5*a**2 + 2*a - 8. What is s(f)?
0
Let i be (-1)/(-2)*1*6. Let n = -28 - -30. Let h(b) = -6*b**3 - 4*b**2 + 16. Let q(c) = -c**3 - c**2 + 3. Let o(m) = n*h(m) - 11*q(m). Give o(i).
-1
Let n = -1301 + 1302. Let j(p) be the second derivative of 3*p**5/20 - p**4/12 + p**3/6 + 2*p. Calculate j(n).
3
Let t be (-5 - 240/(-42))/(4/14). Let f(w) be the first derivative of -1 + t*w**2 + 1/3*w**3 - w. Determine f(-5).
-1
Let w(t) = 13*t**2 - 10*t - 8. Let i(s) = -3*s**2 + 2*s + 2. Let f(j) = 9*i(j) + 2*w(j). What is f(-3)?
-1
Let f(d) = -7*d**3 - 2*d**2 - 2*d. Suppose -t - 2*n - 5 = 0, -2 = 3*t + 2*n + 5. What is f(t)?
7
Let k(y) = -2*y + 2*y + y**3 - 3*y**2 - 3*y - 2 + 2*y. Let o = 140 - 137. What is k(o)?
-5
Suppose -r + 1 = -1. Suppose 5*f + 1 + 9 = 5*v, r*f = 5*v - 16. Suppose -3*m + 4*w - 7 = 0, -m + f*w - 2 = 3. Let p(z) = z**2 - z + 1. Give p(m).
7
Let y(x) = 2*x**2 - 3. Let m(z) = 11*z**2 + 5*z - 23. Let f(q) = m(q) - 5*y(q). Calculate f(-6).
-2
Let o(a) = a**3 - 6*a**2 + 4*a - 5. Suppose 10 = -3*d + 2*c + 23, -28 = -5*d - 3*c. Give o(d).
-10
Let y(r) be the second derivative of r**5/20 + 3*r**4/2 + r**3/3 + 9*r**2 - 118*r. Determine y(-18).
-18
Let i = -7 + 12. Let b(q) = 21*q**3 + i*q**2 + 4*q - 13*q**3 - 7*q**3 + 3. Calculate b(-4).
3
Let u(w) = 3*w**3 - 2*w + 2. Let m be u(1). Let v(g) = 0 + 2*g**2 - 167*g**m + 168*g**3 - 1. Determine v(-3).
-10
Let f(m) = m**3 - m**2 - 4*m + 4. Let r be f(3). Suppose 0 = 3*d - l - r + 3, -2*d + 4*l = 2. Let x(t) = -2*t**2 + 2*t + 1. Determine x(d).
-11
Let k(b) be the first derivative of b**5/60 - 3*b**4/8 + 7*b**3/6 - b**2/2 + 3. Let l(c) be the second derivative of k(c). Let d = -207 + 213. Give l(d).
-11
Suppose -3*p - 3 = -6*p. Let x(c) = 14*c**2 - 29*c + 3. Let k(w) = -4*w**2 + 10*w - 1. Let q(g) = -3*k(g) - x(g). Give q(p).
-3
Let l(w) = -421*w**2 + 6*w + 834*w**2 - 412*w**2 + 5. Determine l(-4).
-3
Let t(w) = -w**3 + 4*w**2 - w - 3. Let c be t(4). Let m be 6 + 0 + -1 + 1. Let f(h) = -2*h**3 - 3*h**2 + m*h**2 + 3*h**2 - 7*h + 3*h**3 - 6. Calculate f(c).
-6
Let f(l) be the third derivative of -l**5/60 + 5*l**4/24 - l**3/2 + 20*l**2. Determine f(3).
3
Suppose 3*o - 4 = -o. Let f = o + 6. Suppose 9*c - f*c = -8. Let n(m) = m + 6. Determine n(c).
2
Let y be (0 + 12 + -10)*2. Let z(t) = -t**2 + 6*t + 4. What is z(y)?
12
Let n(k) = -4*k + 4. Suppose -7 = -4*i + 21. Suppose i*r = 3*r. Suppose -v + 16 = -5*v, r = 2*h + 4*v + 10. Calculate n(h).
-8
Suppose 2*y + 7 = g, 4*g + 38 = -4*y + 6. Let b(h) = -h + 2 + 11 - h**2 - 11. Determine b(g).
-4
Suppose -4*b + 2*i + 28 = 0, -4*b = b - 3*i - 35. Let h(k) = 4 + 0*k - b*k - 6 + 1. What is h(-1)?
6
Let u(d) be the third derivative of 0 + 9*d**2 + 0*d + 1/3*d**3 - 1/24*d**4. Determine u(6).
-4
Let b(t) = t**2 - 16*t + 24. Let j(r) = -7*r**2 + 56*r + 14. Let u be j(8). Determine b(u).
-4
Let x(f) = 13*f + 13. Let c(r) = 7*r + 6. Let m(a) = -7*c(a) + 4*x(a). What is m(-9)?
-17
Let x(u) = 6*u + 4. Let s(i) = -5*i - 3. Let q(c) = 5*s(c) + 4*x(c). Suppose 3*n + 8 = -1. Determine q(n).
4
Let f(n) = n - 1. Let k be (-1 - 2)*10/45*-3. Suppose 6 = -4*s - k, -4*h + 5*s = 14. Determine f(h).
-7
Let i(z) = -3*z**2 - 7*z - 6. Let k(h) = h**3 - 2*h**2 + h - 1. Let m(c) = i(c) + k(c). Calculate m(6).
-7
Let x(o) be the second derivative of 1/12*o**4 + 3*o**2 - 2*o + 0*o**3 + 0. Suppose 3*w - 18 = 4*t + 2, 5*t + 25 = 4*w. Determine x(w).
6
Let m(j) = j**2 + j - 2. Suppose -q - 240 = -58. Let u be q/39 - (-4)/6. Calculate m(u).
10
Let l = 1933 + -1935. Let x(y) = -3*y + 1. Determine x(l).
7
Suppose 0 = -4*c - 16, -3*c + 34 = 3*g + 25. Let k(m) = -m**2 + 11*m - 29. What is k(g)?
-1
Let t(o) = 1. Let b(s) = 3*s - 2. Suppose 0 = -5*p + w - 0 - 2, w + 7 = -4*p. Let u(a) = p*b(a) - 2*t(a). Determine u(2).
-6
Let d(c) = 2*c**2 + 3*c + 48. Let a(y) = 3*y**2 + 4*y + 33. Let o(p) = 3*a(p) - 2*d(p). Determine o(-2).
11
Let i(x) = x**2 - 2*x - 6. Let y(d) = -10*d**2 + 1 - 14 - d**3 - 2*d - 2. Let b be y(-10). Determine i(b).
9
Let u(m) = 2*m**3 + m**2 + m. Let l(y) = 9*y**3 + 7*y**2 + 8*y. Let c(f) = -l(f) + 5*u(f). Determine c(-2).
-10
Suppose -32*c = 14*c - 92. Let p(s) = -s**3 + 2*s**2 + s + 1. Calculate p(c).
3
Let n be ((-444)/370)/(4/10). Let f(i) = -2*i - 2. Determine f(n).
4
Let r(c) = c**3 + 3*c**2 - c + 6. Suppose -5*z = 5*b, 4*z - 4 - 11 = -b. What is r(b)?
-39
Let a be (7 + -10)*(-1)/(6/(-10)). Let z(k) = -2*k**2 - 6*k + 1. Give z(a).
-19
Let o(n) = n**3 + 5*n**2 - 1. Let k(y) = -2*y**3 - 10*y**2 - y + 3. Let r(p) = 3*k(p) + 7*o(p). Suppose -5*b + l = 20, -2*b = -b - 2*l - 5. Calculate r(b).
17
Let a(s) = s + 4. Let o = -115 + 200. Let r = o + -92. Determine a(r).
-3
Let i be ((-1)/2)/(4/64). Let a be i - (-6)/(-3 + 6). Let q be ((-2)/a)/(4/(-36)). Let c(h) = 2*h**2 + 3*h + 2. Determine c(q).
11
Let o(u) be the third derivative of -u**7/2520 + 7*u**6/720 - u**5/20 - 31*u**4/24 + 23*u**2. Let p(t) be the second derivative of o(t). Determine p(6).
0
Let p(q) = q + 13. Suppose 33 = -2*v + 7. Let y be p(v). Let r(c) = -5 + 12 + 5*c - 3*c**3 + c**2 - 6*c + 4*c**3. Calculate r(y).
7
Let f(y) = -2*y - y**2 - 1 + 0*y - y**2 + y**3 - y + 4*y**2. Suppose 3*b + 4 = v - 0*b, 4*v + 5*b + 18 = 0. Determine f(v).
5
Let h(w) = -2*w**2 + w**2 - 8 + 20*w - 31*w - 6. Calculate h(-10).
-4
Let b be (-9)/(3 + 27/(-6)). Let n be 4 + (b - 3) - 3. Let w(i) = -i**3 + 5 + 0*i**2 + n*i**2 - 3*i - 2 + 0*i**2. Determine w(3).
3
Let z(n) = 3*n - 2*n - 1 - 2. Le